at is b(-3)?
15
Let v(m) = 3*m**2 - 18*m - 72. Give v(9).
9
Let l(i) = 786*i + 6290. Calculate l(-8).
2
Let p(v) = -14*v**2 + 279*v + 335. Determine p(21).
20
Let d(m) = 266*m + 4262. Calculate d(-16).
6
Let n(b) = b**3 + 29*b**2 - 719*b - 32. Calculate n(16).
-16
Let t(y) = -2*y**3 + 46*y**2 - 47*y + 7. Give t(22).
-59
Let q(z) = 5*z**3 - 581*z**2 + 116*z + 72. Calculate q(116).
72
Let n(k) = -3*k**3 + 53*k**2 - 31*k - 22. Calculate n(17).
29
Let m(x) = x**2 + 140*x + 1532. What is m(-128)?
-4
Let u(b) = 142*b + 3627. Give u(-26).
-65
Let z(m) = m**2 - 101*m + 2521. Give z(54).
-17
Let k(a) = 2*a**3 + 108*a**2 + 102*a - 256. Determine k(-53).
-44
Let w(d) = -555*d + 2681. What is w(6)?
-649
Let p(t) = 36*t**2 + 74*t + 62. What is p(-1)?
24
Let h(s) = 1382*s - 2721. What is h(2)?
43
Let g(h) = h**3 + 23*h**2 - 48*h - 71. Calculate g(-24).
505
Let n(t) = -2*t**3 - 5*t**2 + t + 2. Calculate n(2).
-32
Let s(c) = -22*c + 477. Determine s(23).
-29
Let m(x) = -x**3 - 11*x**2 - 4*x + 15. Determine m(-11).
59
Let m(h) = 2*h**2 + 300*h + 14. Give m(0).
14
Let t(y) = -y**2 - 16*y - 41. Calculate t(-12).
7
Let t(k) = k**2 + 400*k + 6138. What is t(-384)?
-6
Let x(a) = -a**3 - 2*a**2 - a + 11. Give x(0).
11
Let k(a) = a**2 - 86*a + 583. What is k(7)?
30
Let h(m) = -1003*m - 7023. What is h(-7)?
-2
Let h(j) = 2*j**3 - 48*j**2 + 87*j - 35. Calculate h(22).
-57
Let q(x) = -2*x**2 - 6*x + 298. Calculate q(-12).
82
Let c(l) = 3*l - 14. Give c(11).
19
Let s(f) = -2*f**3 - 2*f**2 + 55*f + 211. Determine s(-6).
241
Let v(j) = 30*j - 714. Determine v(37).
396
Let y(x) = x**2 + 71*x - 1707. Calculate y(-91).
113
Let j(v) = 227*v + 23. Determine j(2).
477
Let m(l) = -5*l**3 - 3*l**2 - 4*l - 7. Calculate m(-3).
113
Let m(f) = 7*f**3 + 351*f**2 + 49*f - 51. Determine m(-50).
-1
Let y(s) = -15*s**3 - 58*s**2 + 3*s - 13. Determine y(-4).
7
Let r(g) = -7*g**2 - 46*g - 15. Determine r(-9).
-168
Let p(k) = -k**3 + 28*k**2 - 197*k + 20. What is p(13)?
-6
Let s(n) = n**2 + 106*n + 2750. Give s(-60).
-10
Let j(w) = 15*w + 170. Calculate j(-12).
-10
Let s(v) = -v**3 + 10*v**2 - 6*v + 85. Determine s(10).
25
Let h(v) = -v**3 - 48*v**2 - 213*v + 73. Give h(-43).
-13
Let f(t) = 14*t + 15. Determine f(-7).
-83
Let m(b) = b**3 + 32*b**2 + 126*b + 48. Calculate m(-4).
-8
Let p(r) = -8*r**3 + 5*r**2 + 10*r + 7. Calculate p(-1).
10
Let r(v) = 89*v + 637. Calculate r(-8).
-75
Let u(q) = -52*q**3 - q**2 + q + 6. Determine u(-1).
56
Let w(n) = 4*n**2 - 169*n + 1295. Determine w(32).
-17
Let j(d) = 174*d + 12005. Calculate j(-69).
-1
Let w(b) = b**3 - 61*b - 194. Give w(-3).
-38
Let r(z) = z**2 + 516*z + 13666. Determine r(-28).
2
Let r(y) = y**3 + 28*y**2 + 49*y - 80. What is r(-26)?
-2
Let g(v) = -134*v - 13400. Determine g(-100).
0
Let g(w) = -16*w**2 + 28*w + 133. Give g(-4).
-235
Let b(m) = -63*m - 45. Give b(-3).
144
Let h(f) = f**2 + 79*f + 12. What is h(-79)?
12
Let l(n) = -n**3 + 3*n**2 + 16*n + 16. Calculate l(6).
4
Let r(a) = -28*a + 87. Calculate r(-10).
367
Let s(a) = -a**2 + 261*a - 11926. Determine s(59).
-8
Let n(y) = 1207*y + 45874. Determine n(-38).
8
Let o(k) = 28*k**2 - k - 2. Calculate o(3).
247
Let z(k) = k**3 + 20*k**2 + 124*k + 396. What is z(-13)?
-33
Let u(q) = 3*q**3 - 51*q - 25. Calculate u(0).
-25
Let v(p) = 4*p**2 - 87*p + 351. Determine v(4).
67
Let o(i) = -140*i - 688. Calculate o(-5).
12
Let l(o) = -3*o**3 - 76*o**2 - 24*o + 149. Determine l(-25).
124
Let m(r) = -20*r + 1431. What is m(78)?
-129
Let p(h) = 40*h + 1486. Determine p(-46).
-354
Let f(n) = -572*n - 8579. Determine f(-15).
1
Let s(t) = -17*t**2 + 570*t - 77. Calculate s(34).
-349
Let d(k) = 69*k - 571. Calculate d(10).
119
Let u(i) = 17*i**2 + 868*i + 44. What is u(-51)?
-7
Let l(i) = -12*i**2 + 57*i - 97. Give l(5).
-112
Let s(o) = -24*o + 114. Calculate s(5).
-6
Let v(h) = h**3 + 11*h**2 - 40*h - 528. Determine v(-9).
-6
Let p(c) = -362*c - 1356. Determine p(-5).
454
Let y(c) = -2*c**3 + 29*c**2 + 98*c - 19. What is y(-3)?
2
Let p(o) = o**3 - 6*o**2 - 19*o - 6. Determine p(8).
-30
Let c(w) = 173*w + 5528. What is c(-32)?
-8
Let s(i) = 19*i**2 + 2*i - 32. Determine s(0).
-32
Let u(a) = 8*a**2 + 686*a - 151. What is u(-86)?
21
Let l(x) = 22*x - 823. Calculate l(34).
-75
Let r(n) = -n**3 - 9*n**2 + 204*n - 134. What is r(10)?
6
Let q(s) = -11*s**3 - 7*s**2 - 18*s - 51. What is q(-4)?
613
Let v(h) = h**2 - 12*h + 9. Calculate v(10).
-11
Let x(j) = -3*j**3 + 25*j**2 + 122*j - 378. Calculate x(11).
-4
Let z(h) = -4*h**2 + 432*h - 2409. Give z(102).
39
Let r(x) = 5*x**2 - 94*x + 258. Give r(15).
-27
Let m(p) = 101*p + 271. Calculate m(-1).
170
Let c(j) = 4*j**2 + 328*j + 6063. What is c(-54)?
15
Let o(n) = n**3 + 20*n**2 + 53*n + 703. Give o(-19).
57
Let w(u) = -6*u**3 + 27*u**2 + 61*u - 24. Give w(-3).
198
Let f(o) = o**3 + 38*o**2 + 139*o + 108. What is f(-34)?
6
Let f(h) = -14*h**2 - 13*h + 12. Calculate f(2).
-70
Let h(x) = -67*x - 1275. Determine h(-19).
-2
Let f(j) = j**2 + 146*j - 437. What is f(3)?
10
Let m(s) = 6901*s + 41412. Calculate m(-6).
6
Let k(r) = -r**2 - 24*r - 53. Give k(-5).
42
Let b(l) = -l**3 + 38*l**2 + 135*l + 49. Determine b(-3).
13
Let y(t) = 161*t**2 - 14*t + 12. Give y(1).
159
Let z(q) = -571*q - 6283. Give z(-11).
-2
Let q(j) = -8*j**2 + 343*j - 1738. Determine q(37).
1
Let w(u) = u**3 - 108*u**2 - 111*u + 262. Determine w(109).
44
Let t(o) = -290*o - 3490. Determine t(-12).
-10
Let b(h) = -2838*h + 25523. Calculate b(9).
-19
Let r(q) = -7*q**3 - q**2 - 20*q - 15. Determine r(-1).
11
Let q(f) = 13*f**3 + 286*f**2 + 2*f + 50. Determine q(-22).
6
Let x(v) = 6*v + 167. What is x(-38)?
-61
Let y(j) = j**2 - 65*j - 364. Calculate y(-5).
-14
Let j(k) = 826*k - 820. Calculate j(1).
6
Let w(f) = 2*f**2 + 19*f + 117. Calculate w(-6).
75
Let p(z) = z**2 - 493*z + 4340. Calculate p(9).
-16
Let n(g) = 2*g**3 - 21*g**2 - 16*g - 4. What is n(11)?
-59
Let p(n) = -42*n**2 + 9*n + 5. What is p(-1)?
-46
Let u(x) = -2*x**2 + 22*x - 98. Give u(6).
-38
Let l(j) = -5182*j + 41447. What is l(8)?
-9
Let p(k) = -26*k - 2062. Give p(-79).
-8
Let a(s) = 59*s - 867. Calculate a(15).
18
Let c(x) = 4*x**2 + 299*x - 1356. What is c(-79)?
-13
Let y(k) = 9*k**2 - 594*k + 7. Determine y(66).
7
Let x(g) = -3*g**2 + 88*g + 9. Give x(29).
38
Let a(w) = 2*w**2 + 302*w - 4270. Calculate a(13).
-6
Let f(c) = c**3 - 2*c**2 - 21*c. Calculate f(0).
0
Let n(p) = p**2 + 23*p + 256. Calculate n(-9).
130
Let s(m) = 12*m + 82. Give s(-9).
-26
Let j(f) = -3014*f + 96438. Give j(32).
-10
Let r(c) = -c**3 + 64*c**2 + 100*c - 2203. Determine r(65).
72
Let j(g) = -2*g**3 - 244*g**2 + 8*g + 875. Give j(-122).
-101
Let g(j) = j**3 + 10*j**2 + 13*j + 35. Give g(-7).
91
Let c(i) = -2*i**3 - 47*i**2 + 9*i - 360. Determine c(-24).
0
Let j(l) = -85*l + 5532. Give j(66).
-78
Let s(g) = 636*g - 4455. What is s(7)?
-3
Let c(k) = k**2 - 229*k + 3792. Calculate c(18).
-6
Let o(s) = -2*s**2 + 21*s + 196. What is o(21)?
-245
Let t(l) = l**3 + 48*l**2 - 152*l + 119. Determine t(-51).
68
Let h(l) = l**3 - 46*l**2 - 2831*l - 317. Give h(81).
7
Let c(s) = 13*s**2 - 10*s - 38. What is c(-6)?
490
Let x(b) = -b**3 - 15*b**2 - 29*b - 17. Calculate x(-14).
193
Let l(u) = -u**3 + u + 75. Determine l(0).
75
Let y(g) = -244*g + 2679. Calculate y(11).
-5
Let u(x) = x**3 + 100*x**2 - 104*x - 322. Give u(-101).
-19
Let w(v) = v**3 - 15*v - 86. What is w(-5)?
-136
Let d(r) = 3102*r - 18606. Determine d(6).
6
Let w(x) = 48*x**3 - 4*x**2 - 4*x - 1. Determine w(-1).
-49
Let x(f) = -34*f + 188. Determine x(4).
52
Let g(r) = r**2 + 32*r - 474. Give g(-43).
-1
Let b(i) = -i**2 - 34*i + 273. What is b(-35)?
238
Let a(g) = -g**3 + g**2 + 33*g - 65. What is a(6)?
-47
Let r(p) = p**3 - 66*p**2 - 273*p - 490. What is r(70)?
0
Let t(d) = -5*d**2 + 28. Determine t(-6).
-152
Let r(m) = 3*m**2 + 68*m - 8. Give r(1).
63
Let b(w) = -4*w**2 + 60*w - 191. Give b(10).
9
Let w(v) = -2*v**2 + 388*v - 1170. What is w(191)?
-24
Let h(l) = 3*l**2 - 76*l + 92. Calculate h(24).
-4
Let k(a) = -8*a**2 - 229*a - 227. Give k(-1).
-6
Let u(q) = 50390*q + 100783. Give u(-2).
3
Let d(p) = p**3 + 23*p**2 - 261*p - 1535. Calculate d(-30).
-5
Let t(h) = -948*h - 5769. Calculate t(-6).
-81
Let o(q) = -2*q**3 + 38*q**2 - 34*q - 556. Determine o(17).
22
Let h(n) = 105*n + 2324. What is